+ 9*l**2 - 2*l + 11. Suppose y - 20 = -2*h, -4*h - 22 = -5*y + 36. Suppose 0 = -14*k + 112 + y. Determine x(k).
-7
Let y(h) = -2*h**2 - h. Let i(t) = 12*t**2 + 13*t + 4. Let r(v) = i(v) + 5*y(v). Suppose 0 = z + 1. Let m be 0/z + 0 + -5. Calculate r(m).
14
Let c(x) be the second derivative of x**3/6 - x**2/2 - 2*x. Let j = 4623 - 4627. What is c(j)?
-5
Let i = -21 + 29. Let v(r) = i*r + r**2 + 13 - 10 - r. Suppose -4*j - 5*f = 45 - 10, -27 = 3*j + 4*f. What is v(j)?
-7
Suppose -15*t - 11*t = -25*t + 4. Let o(g) = g**3 + 5*g**2 + 4*g - 2. Calculate o(t).
-2
Let o(b) = b**3 + 9*b**2 + 7*b - 6. Let h be o(-5). Let n(f) = -5 + 39*f + 21*f - h*f. Let i = -14 - -9. Determine n(i).
-10
Let z be 7 - (-8 + -13 + 26). Let j(o) be the third derivative of -25*o**z + 1/24*o**4 - 2/3*o**3 + 0*o + 0. Give j(2).
-2
Let t be (-2)/4 - 7/(-2). Let f(x) = -19*x**2 + 5*x - 1. Let r(z) = 18*z**2 - 2. Let o(k) = -f(k) - r(k). Calculate o(t).
-3
Let w = 2738 - 2730. Let f(j) = -6*j + 31. Calculate f(w).
-17
Suppose 0 = 3*w - w + 12. Suppose -3*x + 41 = 3*m - 202, -3*m + 251 = 5*x. Let l(y) = -36*y - 40*y + 3 + m*y. What is l(w)?
-3
Suppose -9 = -2*p + 5*x + 14, p + 4*x = -34. Let y(r) be the second derivative of -2/3*r**3 - 1/20*r**5 + 0 + 2*r - 7/12*r**4 - 1/2*r**2. Determine y(p).
-13
Let p(u) = -3*u + 2. Let w be (1/3)/(1/9). Let j(i) = 4*i - 2. Let q(h) = w*p(h) + 2*j(h). Let c(o) = -o**2 + 15*o - 8. Let d be c(14). Calculate q(d).
-4
Let c(y) = 36*y**2 + 27*y + 11. Let w(h) = -7*h**2 - h + 2. Let m(g) = -c(g) - 5*w(g). What is m(-21)?
0
Suppose 293*b + 72 = 275*b. Let i(a) = 2*a**2 + 10*a + 2. Calculate i(b).
-6
Let u(w) be the second derivative of -7*w**3/3 - 73*w**2 + 3*w + 1229. Determine u(-12).
22
Let w(q) = -13*q + 2. Let h be (3 + 33/(-9))*-9. Suppose 3*u = -5*p + 4, -7*u + h = -10*u. Calculate w(p).
-24
Let y(i) = i**3 - 7*i**2 - 7*i - 121. Let q be y(9). Let z(f) = -f**2 - 20*f + 49. Calculate z(q).
5
Let h(u) be the second derivative of 2*u**3 - 34*u**2 - 320*u. Give h(5).
-8
Let r(b) = b**2 - 4*b**3 + 4*b**3 - 4 + b**3. Suppose y = 5*t + 20, 17*y = 2*t + 14*y + 21. Determine r(t).
-22
Let u(x) = 5*x + 9. Suppose 0 = 2*w + 14 + 64. Let v = w + 41. Let m(h) = -h - 2. Let i(t) = v*u(t) + 11*m(t). Determine i(-5).
1
Let m(o) = -4*o**2 - 2*o - 2. Suppose 14*g + 468 - 12004 = 0. Suppose -g*r + 818*r = 12. Give m(r).
-14
Let w be (-2)/11 - (-32)/176. Suppose w = -5*m - 13*m - 126. Let k(d) = d**2 + 7*d + 7. What is k(m)?
7
Let m(d) be the second derivative of 0 + 1/120*d**5 - 5/3*d**3 + 11*d + 0*d**2 - 1/6*d**4. Let y(h) be the second derivative of m(h). What is y(7)?
3
Let d(q) = 3 - 7 - 111*q + 2*q**2 + q**2 + 102*q - 2*q**2. Suppose -5*y + 25 + 20 = 0. Calculate d(y).
-4
Let f(g) = g + 5. Let k be (1 - 4) + -2 + -36. Let u be (-3 - -4)*(-51 - -6). Let x = u - k. Calculate f(x).
1
Let c(m) = 2*m**2 - 24*m - 22. Let u = 280 + -287. Let b(r) = -3*r**2 + 35*r + 33. Let d(f) = u*c(f) - 5*b(f). Determine d(8).
-3
Let f(b) = 7*b + 184. Let m(n) = 7*n + 185. Let j(h) = -4*f(h) + 3*m(h). Calculate j(-26).
1
Let f(j) = -34*j + 2. Let d be 67/(-5) - 4/(-10). Let w(q) be the third derivative of 17*q**4/24 - q**3/6 - 3096*q**2. Let a(u) = d*w(u) - 6*f(u). What is a(1)?
-16
Let q be (0 + (8 - 9))/((3 + 2)/(-50)). Let w(x) = 2*x**2 - 11*x - 39. What is w(q)?
51
Let h be 4*(-4 - (-57)/12). Let b(y) = y**2 + 7*y**3 + 6 - 6*y**h - y - 12. Let a be 3/1 + 4 + (-3 - 4). Determine b(a).
-6
Let w(s) be the first derivative of s**4/4 + 5*s**3/3 - 5*s**2 - 12*s - 1517. What is w(-5)?
38
Let o(z) be the first derivative of 120 + 89*z**2 - 185*z**2 - z + 89*z**2. Calculate o(-2).
27
Let u be 342/81 - 6/27. Let q(l) = -l**3 + 2*l**2 + 2*l. Let s(w) = 4*w**3 - 7*w**2 - 10*w - 2. Let n(h) = -10*q(h) - 2*s(h). Give n(u).
36
Let k(h) = -2*h**3 + 11*h**2 + 9*h - 26. Let v be -3*8*(-4)/(-160)*-10. Give k(v).
-8
Let c(m) be the second derivative of m**4/6 - 5*m**3/6 + 4*m**2 + 9741*m. Determine c(-4).
60
Let t(q) be the first derivative of 4*q**3/3 - 5*q**2/2 - 7*q - 1183. Determine t(-2).
19
Suppose -90*v = 189 + 261. Let x(f) = 5*f**2 - 3*f + 0*f - f**3 - 7 + 2*f**3. Calculate x(v).
8
Let m = 8134 + -8134. Suppose -5*l + 8 = 4*w, 0 = 8*l - 3*l. Let i(f) = 0 + f**2 - f + w - 5. What is i(m)?
-3
Let w(c) = -c**2 + 3*c - 4. Suppose 6*j + 3*v - 22 = 2*j, 4*j - 4*v = 8. Let t be j/(-14) + 74/14. Let r be 0 - 2*(-10)/t. What is w(r)?
-8
Suppose -3*z = -4*z. Let y be 2 + (-9 - -6) - -3. Let c(a) = a**3 - a**y + 5520 - 5520. Calculate c(z).
0
Let b be -47 + 47 - 2/1. Let r = 1 + 3. Let d be 5/(-10) + 2/r - b. Let n(x) = 7*x**2 - 3*x + 2. What is n(d)?
24
Let f(d) = -25*d**3 + 8*d**2 + 9*d + 16. Let n(b) = -6*b**3 + 4*b**2 - b + 1. Let z(t) = f(t) - 4*n(t). Calculate z(-8).
-92
Let w(k) = k**3 + k**2 + k - 1. Let d(u) = 5*u**3 + 13*u**2 - 12. Let z(o) = -d(o) + 6*w(o). Let h be (-11039)/(-35) + 9/15. Let b = 322 - h. Calculate z(b).
6
Let h(k) = k**2 - k - 134. Let s be h(-11). Let m(d) = -9*d + 10. Let z(x) = -2*x + 3. Let v(b) = s*m(b) + 7*z(b). Calculate v(-3).
-11
Let q(r) = r**3 - r**2 - 4*r + 3. Let n(z) = -6*z - 195. Let m be n(-35). Suppose 47*i - 52*i + m = 0. Calculate q(i).
9
Let x(f) = f**3 - 5*f**2 + 4*f + 1. Let w be x(3). Let c(l) be the second derivative of l**3 - 7*l**2/2 - 1436*l. What is c(w)?
-37
Let r be (56/12)/(-7) - 27/(-27). Let n(i) be the first derivative of -3*i**2 + 25 + r*i**3 - 4*i. What is n(6)?
-4
Let b(v) = v + 7. Let a(c) = c**2 + 15*c - 6. Suppose -s + 19 + 30 = 0. Let l = -64 + s. Let h be a(l). Calculate b(h).
1
Let y(h) = -3*h**3 - 36*h**2 + 27*h - 137. Let w(z) = z**3 + 12*z**2 - 9*z + 47. Let p(g) = -14*w(g) - 5*y(g). Give p(-13).
-25
Let h(f) be the second derivative of f**5/20 - f**4/4 + f**3 + f**2/2 - 2763*f. Determine h(3).
19
Let d(r) be the first derivative of 7*r**4/4 - 4*r**3/3 - 5*r**2/2 - 2*r - 36. Give d(-2).
-64
Let n = 7325 + -7335. Let c(a) be the second derivative of -a**4/12 - a**3 + a**2/2 + a. Determine c(n).
-39
Let h(s) = 3*s**3 - 14*s**2 + 12*s - 81. Let u(v) = 4*v**3 - 13*v**2 + 10*v - 117. Let m(z) = 3*h(z) - 2*u(z). Calculate m(14).
-177
Let s(d) = 18407*d**2 - 8*d + 18407*d**2 - 24 - 36815*d**2. Give s(-6).
-12
Let d(p) be the third derivative of 5*p**4/24 - 17*p**3/2 - 23*p**2 - 48. Give d(16).
29
Let k(f) = 5*f**3 - f**2 - f - 1. Suppose -105*m + 106*m - 7 = 0. Suppose g - 3*r - m = -g, 4*g + 16 = -4*r. Give k(g).
-6
Let h(y) = y**2 - 32 + 21 + 14 + 0*y**2 + 0*y**2 + 7*y. Calculate h(-8).
11
Let r(b) be the second derivative of -b**3/3 + b**2/2 + b - 26. Suppose -2*g + 2*q + 8 = 0, g = -12*q + 8*q - 1. Calculate r(g).
-5
Let u = -235 - -197. Let y(x) = -x**3 - 40*x**2 - 80*x - 155. Let m be y(u). Let s(r) = -r - 4. Calculate s(m).
-1
Suppose 0 = 6*j - 124 + 94. Let n(z) = 4*z + 8*z + z**2 + z - 8*z - j. What is n(-5)?
-5
Let m(z) = -z**2 - 5*z + 10. Let b be 435/(-105) + 16/14. Give m(b).
16
Let h(t) = -t**2 - 5*t - 1. Let y be (-1 - 55/(-65)) + (-82)/(-26). Let x be (y/(-3))/((-2)/(-18)*-3). Suppose r - 26 = 6*r + o, 42 = -5*r + x*o. Give h(r).
-7
Let r = 10 - 14. Let b(c) = 21537 + 21543 - c**3 + 4*c**2 + 2*c**3 - 43079. Give b(r).
1
Let d = 127 - 133. Let s(z) = -z**2 - 5*z + 6. Let p be s(d). Let r(u) = 3*u - 5. Let v(x) = x - 2. Let i(c) = 2*r(c) - 7*v(c). Give i(p).
4
Let p(w) be the first derivative of -w**4/4 + 2*w**3 + 7*w**2/2 - 7*w - 612. Let b(u) = -4*u - 5. Let y be b(-3). Suppose 3*x = y*x - 28. Give p(x).
-7
Let a(f) be the first derivative of f**2/2 - 14*f + 4412. What is a(3)?
-11
Let j(n) be the first derivative of n**3/3 + n**2 - 14*n - 2625. Determine j(3).
1
Let r(q) = 69*q + 694. Let u be r(-10). Let h(w) = w**3 - w**2 - 5*w - 8. What is h(u)?
20
Let r(h) = -2*h**2 - 21*h - 64. Let i be r(-8). Let w(q) = q**3 + 25*q**2 + 24*q + 6. Give w(i).
6
Let k be 20/16*(-5 - -1). Let x(a) = 7 + 6 - 1 + 6 + 13*a. Let l(j) = -3*j - 5. Let v(f) = -9*l(f) - 2*x(f). What is v(k)?
4
Let a(t) = -506*t + 125. Let u(d) = -1177*d + 251. Let b(c) = 7*a(c) - 3*u(c). Calculate b(11).
1
Suppose 4*f + 3*h = 46, -2*h = 3*f + 17 - 50. Let a(q) = q**2 - 6*q + 10. Let w(i) = 3*i**2 - 18*i + 29. Let m(r) = -11*a(r) + 4*w(r). What is m(f)?
13
Let f(z) be the second derivative of z**5/20 + z**4/3 - z**3/3 + 7*z**2/2 + z. Suppose -144*